{"id":757,"date":"2018-11-12T19:52:04","date_gmt":"2018-11-12T19:52:04","guid":{"rendered":"http:\/\/plusenergiequartier.ch\/wordpress\/?page_id=757"},"modified":"2018-11-15T10:14:49","modified_gmt":"2018-11-15T10:14:49","slug":"mentions-obligatoires","status":"publish","type":"page","link":"https:\/\/plusenergiequartier.ch\/fr\/mentions-obligatoires\/","title":{"rendered":"Mentions obligatoires"},"content":{"rendered":"<p>&nbsp;<\/p>\n<p>R\u00e9gion capitale suisse c\/o furrerhugi<br \/>\nSchauplatzgasse 39<br \/>\n3011 Berne<\/p>\n<p>T +41 31 381 54 45<br \/>\n<a href=\"mailto:info@regioncapitale.ch\">info@regioncapitale.ch<\/a><\/p>\n<p><strong>Concept, contenu et design<\/strong><br \/>\nfurrerhugi<\/p>\n<p><strong>R\u00e9alisation<\/strong><br \/>\nfurrerhugi<\/p>\n<p><strong>Mat\u00e9riel images<br \/>\n<\/strong>Illustrations:\u00a0diff. Kommunikation AG, Bern<br \/>\nProjet Papillon:\u00a0m\u00e0d Papillon<br \/>\nProjet Ittigen: m\u00e0d Fischer Architekten AG, Z\u00fcrich<br \/>\nProjetHohlen: m\u00e0d IGD Gr\u00fcter AG<br \/>\nPortrait Chrsitoph Ammann:\u00a0m\u00e0d<br \/>\nPortrait Fabio Cella: m\u00e0d<br \/>\nPortrait Jacky Gillmann: m\u00e0d<br \/>\nPortrait Hansueli Pestalozzi:\u00a0m\u00e0d<br \/>\nPortrait Alexander Pulver:\u00a0m\u00e0d<strong><br \/>\n<\/strong><\/p>\n","protected":false},"excerpt":{"rendered":"<p>&nbsp; R\u00e9gion capitale suisse c\/o furrerhugi Schauplatzgasse 39 3011 Berne T +41 31 381 54 45 info@regioncapitale.ch Concept, contenu et design furrerhugi R\u00e9alisation furrerhugi Mat\u00e9riel images Illustrations:\u00a0diff. Kommunikation AG, Bern Projet Papillon:\u00a0m\u00e0d Papillon Projet Ittigen: m\u00e0d Fischer Architekten AG, Z\u00fcrich ProjetHohlen: m\u00e0d IGD Gr\u00fcter AG Portrait Chrsitoph Ammann:\u00a0m\u00e0d Portrait Fabio &hellip;<\/p>\n","protected":false},"author":1,"featured_media":0,"parent":0,"menu_order":0,"comment_status":"closed","ping_status":"closed","template":"","meta":{"_exactmetrics_skip_tracking":false,"_exactmetrics_sitenote_active":false,"_exactmetrics_sitenote_note":"","_exactmetrics_sitenote_category":0,"footnotes":""},"class_list":["post-757","page","type-page","status-publish","hentry"],"_links":{"self":[{"href":"https:\/\/plusenergiequartier.ch\/fr\/wp-json\/wp\/v2\/pages\/757","targetHints":{"allow":["GET"]}}],"collection":[{"href":"https:\/\/plusenergiequartier.ch\/fr\/wp-json\/wp\/v2\/pages"}],"about":[{"href":"https:\/\/plusenergiequartier.ch\/fr\/wp-json\/wp\/v2\/types\/page"}],"author":[{"embeddable":true,"href":"https:\/\/plusenergiequartier.ch\/fr\/wp-json\/wp\/v2\/users\/1"}],"replies":[{"embeddable":true,"href":"https:\/\/plusenergiequartier.ch\/fr\/wp-json\/wp\/v2\/comments?post=757"}],"version-history":[{"count":6,"href":"https:\/\/plusenergiequartier.ch\/fr\/wp-json\/wp\/v2\/pages\/757\/revisions"}],"predecessor-version":[{"id":991,"href":"https:\/\/plusenergiequartier.ch\/fr\/wp-json\/wp\/v2\/pages\/757\/revisions\/991"}],"wp:attachment":[{"href":"https:\/\/plusenergiequartier.ch\/fr\/wp-json\/wp\/v2\/media?parent=757"}],"curies":[{"name":"wp","href":"https:\/\/api.w.org\/{rel}","templated":true}]}}

<p>&nbsp;</p>
<p>Région capitale suisse c/o furrerhugi<br />
Schauplatzgasse 39<br />
3011 Berne</p>
<p>T +41 31 381 54 45<br />
<a href="mailto:info@regioncapitale.ch">info@regioncapitale.ch</a></p>
<p><strong>Concept, contenu et design</strong><br />
furrerhugi</p>
<p><strong>Réalisation</strong><br />
furrerhugi</p>
<p><strong>Matériel images<br />
</strong>Illustrations: diff. Kommunikation AG, Bern<br />
Projet Papillon: màd Papillon<br />
Projet Ittigen: màd Fischer Architekten AG, Zürich<br />
ProjetHohlen: màd IGD Grüter AG<br />
Portrait Chrsitoph Ammann: màd<br />
Portrait Fabio Cella: màd<br />
Portrait Jacky Gillmann: màd<br />
Portrait Hansueli Pestalozzi: màd<br />
Portrait Alexander Pulver: màd<strong><br />
</strong></p>

<p>&nbsp; Région capitale suisse c/o furrerhugi Schauplatzgasse 39 3011 Berne T +41 31 381 54 45 info@regioncapitale.ch Concept, contenu et design furrerhugi Réalisation furrerhugi Matériel images Illustrations: diff. Kommunikation AG, Bern Projet Papillon: màd Papillon Projet Ittigen: màd Fischer Architekten AG, Zürich ProjetHohlen: màd IGD Grüter AG Portrait Chrsitoph Ammann: màd Portrait Fabio &hellip;</p>
